e remainder when l(-6) is divided by 22?
20
Let x(f) = 5*f**2 - 2*f - 2. What is the remainder when x(3) is divided by 13?
11
Suppose 3*p = -p - 168. Let y = -4 - p. What is the remainder when 13 is divided by y/8 - 2/(-8)?
3
Suppose t + 5 - 11 = 0. Calculate the remainder when 25 is divided by t.
1
Suppose -3*y - 4*o = -7*o + 465, -3 = -3*o. Let v = 1 + 17. Calculate the remainder when y/(-3) - 2/(-3) is divided by v.
16
Suppose 2*n + n - 42 = 0. Suppose v - 2*y - 22 = 7, 4*y = 4*v - 128. Suppose i = -5*f + 60, 4*f - v = -i + 21. Calculate the remainder when i is divided by n.
12
Suppose -2*c + 15 = 3*c. What is the remainder when c is divided by 2?
1
Suppose -4*o = -3*f + 10, -5*f - 4*o + 75 = o. Calculate the remainder when (-306)/(-8) + 6/(-24) is divided by f.
8
Calculate the remainder when 238/8 - (-19)/76 is divided by 8.
6
Let a = 107 + -52. Calculate the remainder when a is divided by 14.
13
Let d = 16 - 8. What is the remainder when 14 + (-1)/((-1)/(-4)*4) is divided by d?
5
Let q = 2 - 7. What is the remainder when (-3)/5 - 218/q is divided by 11?
10
Suppose 2*n + 0 - 6 = 0. Let g be (3 - -49)*n/6. Suppose 2*d = -2*x + g, 3*d - 6*d + 69 = -3*x. Calculate the remainder when 35 is divided by d.
17
Suppose 4*x = -0*x + 360. Calculate the remainder when (4 - x/4)*-4 is divided by 25.
24
Let s be ((-32)/40)/(1/5). What is the remainder when s/18 - (-742)/18 is divided by 14?
13
Let y(h) = 2*h + 33. What is the remainder when 14 is divided by y(-14)?
4
Suppose 106 = 4*t - 2*c - 174, -t + 5*c + 79 = 0. Calculate the remainder when t is divided by 24.
21
Let c(l) = 10 - 3 + 46*l - 45*l. What is the remainder when 33 is divided by c(5)?
9
Suppose 2*p + 28 = i, p = -i + 18 + 19. Calculate the remainder when i is divided by 18.
16
Suppose -13 = -3*k + 5. Suppose -k*o - 5*w + 50 = -o, -5*o + 2*w = -15. Let d(a) = a**2 - 6*a + 7. What is the remainder when 3 is divided by d(o)?
1
Let s = -18 + 27. Let y(n) = -n**2 + 3*n + 4*n**2 + 0*n - 2*n**2. Calculate the remainder when s is divided by y(-4).
1
Let n(d) = -9*d - 6. What is the remainder when 62 is divided by n(-3)?
20
Suppose -m = 2*m - 12. Suppose -5*o - 2*y - y = -145, 5*o = m*y + 110. What is the remainder when 50 is divided by o?
24
Suppose -x + 98 = 2*x + n, -4*x + 120 = 4*n. What is the remainder when x is divided by 18?
16
Let l = 23 - 13. What is the remainder when 19 is divided by l?
9
Let u be ((-84)/9)/(2/(-6)). Suppose -u = -3*h - 4. Suppose -3*i - 115 = -h*i. Calculate the remainder when i is divided by 8.
7
Let m be (15/(-6))/(-5)*-2. Let i = 3 - 1. What is the remainder when ((-2)/(-1) + -9)*m is divided by i?
1
Let q = 2 - 12. Let b = 8 - q. Calculate the remainder when 11 is divided by b/(-8)*(-16)/6.
5
Let l be 2/(-3) - 104/(-12). Let k = 3 + l. What is the remainder when k is divided by 3?
2
Let m(x) = -x**2 + 8*x + 22. Let t(u) = u**2 + 2*u + 3. Calculate the remainder when t(-3) is divided by m(10).
0
Let o be (5 + 0 + -2)*10. Suppose -4*p - o = -6. Let r(t) = -t - 1. Calculate the remainder when 13 is divided by r(p).
3
Let z(s) = -25*s**2 - 1. Let m be z(1). Let h be m/(-6) - (-2)/3. Suppose 0 = -3*g - 2 + h. What is the remainder when 2 is divided by g?
0
Suppose -s + 12 = -2*o, 0*o + 5 = 5*o. What is the remainder when s is divided by 1/(-2) + (-77)/(-14)?
4
Suppose 0 = -3*r + 4*y + 95 + 24, 5*y = -3*r + 155. Suppose -100 = -n - 4*n - 5*l, r = 3*n - 2*l. What is the remainder when 48 is divided by n?
14
Let h(p) = p**3 + 7*p**2 - 3*p + 8. Let v(w) = w**2 + 1. Let m(j) = h(j) - 6*v(j). What is the remainder when m(2) is divided by 5?
3
Suppose -13 = -u - 1. What is the remainder when 21 is divided by u?
9
Suppose 3*i = 2*i + 1. Suppose -5*s - x = -4, 4*x + 8 = 4*s - 0*s. Suppose s = 5*b - 4. What is the remainder when i is divided by b?
0
Let b = -15 - -15. What is the remainder when (-3 - b) + 13 + 1 is divided by 4?
3
Let r = 7 - -98. What is the remainder when r is divided by 36?
33
Suppose -12 - 8 = -5*u. What is the remainder when 9 is divided by u?
1
Let q = 9 - -2. Calculate the remainder when 20 is divided by q.
9
Suppose -36 = -8*y + 132. Calculate the remainder when y is divided by 3.
0
Let a be 21/2 - (-3)/(-6). Suppose 4*h - 2*h - a = 0. Suppose 3 = -s + h. Calculate the remainder when 5 is divided by s.
1
Let y(s) = -s**3 + 7*s**2 + 11*s + 6. Suppose 5*i - 6 - 34 = 0. Calculate the remainder when y(i) is divided by 8.
6
Let a = 29 - 14. Let k be (-30)/4 - a/(-10). Let j = 0 - k. Calculate the remainder when 16 is divided by j.
4
Let k be (-88)/(-6) + (-6)/9. Let l be 40*(2 + 18/(-15)). Let v = l - k. What is the remainder when 34 is divided by v?
16
Let g be 2/((-4)/(-132)*3). Suppose 0 = -0*l - l + g. Calculate the remainder when l is divided by 8.
6
Suppose 4*r - 24 = 3*r. Calculate the remainder when r is divided by 7.
3
Suppose -2*w = -5*w + 69. Calculate the remainder when w is divided by 12.
11
Let n = 5 + -9. Let y(v) = -v - 4. Let m be y(n). Let t = m + 35. Calculate the remainder when t is divided by 12.
11
Let f be (-1)/(2/24*-3). Suppose -2*k - 2*l - 154 = -7*k, 0 = -4*k + f*l + 116. Calculate the remainder when 125 is divided by k.
29
Suppose -5*d + 4 + 31 = 0. Suppose 0 = -z + 5*h + 2 + d, 3*z = -5*h + 7. What is the remainder when 11 is divided by z?
3
Suppose -5*n = 3*y - 126, -3*y - 2*n + 43 = -2*y. Calculate the remainder when y is divided by (-4)/(-22) + 432/44.
7
Suppose -14*o + 18*o - 292 = 0. What is the remainder when o is divided by 20?
13
Let h be -6*(2 - -3) + 0. Let b = 32 + -23. What is the remainder when (-10)/(-3)*h/(-4) is divided by b?
7
Calculate the remainder when 66 is divided by (-2)/(-12) + (-303)/(-18).
15
Let q(x) = -2*x**2 + 20*x + 7. Suppose 6 = r - 13. Calculate the remainder when r is divided by q(10).
5
Let o = 197 + -145. Calculate the remainder when 202 is divided by o.
46
Suppose 2*i = i + 4. Suppose -3*r + 17 + i = 0. Calculate the remainder when 13 is divided by r.
6
Let i(a) = -2*a**2 + a + 1. Let j be i(-1). Let o = 3 - j. Let u(v) = 8*v**2 + 1. What is the remainder when u(1) is divided by o?
4
Suppose -59 = -3*o - 11. Let v = -40 + 20. Let f = v + 29. Calculate the remainder when o is divided by f.
7
Suppose 51 = 4*d + 11. Suppose 3*q + d - 1 = 0, 4*h + q = 113. What is the remainder when h is divided by 8?
5
Let u = 50 + -14. What is the remainder when u is divided by 14?
8
Let l(u) = u - 7. Let w be l(7). Suppose d = -w*d + 26. What is the remainder when d is divided by 7?
5
Let x = -93 + 63. Let p be 42/4*x/(-9). Suppose 4*f + 0*q - 28 = 3*q, -5*f = 2*q - p. Calculate the remainder when f is divided by 5.
2
Suppose -2*f + 21 = -f - 2*h, -2*f - h + 27 = 0. What is the remainder when f is divided by 6?
3
Suppose 9*h - 24 = 129. Calculate the remainder when 83 is divided by h.
15
Let w = -9 + 24. Suppose y = w + 44. What is the remainder when y is divided by 20?
19
Suppose 3*p + 0*p - 4*w - 16 = 0, 10 = 3*p + 2*w. What is the remainder when p is divided by (10/(-15))/(2/(-6))?
0
Let x = -187 + 311. What is the remainder when -2 - -1*x/4 is divided by 10?
9
Let k(g) = -g**3 + 8*g**2 - 5*g - 17. Calculate the remainder when k(6) is divided by 13.
12
Let z(c) = -c**2 + 9*c - 12. Let p be z(8). Let t = p + 6. Calculate the remainder when 6 is divided by t.
0
Suppose 5*r + 4*m + 0 = 23, 2*r - 29 = 5*m. Suppose 0 = u - 3*u. Suppose u = 2*a - a - 19. Calculate the remainder when a is divided by r.
5
Suppose 4*u - c = 189, -5*u + 5*c = -67 - 173. Calculate the remainder when u is divided by 29.
18
Let s = -33 + 77. Calculate the remainder when s is divided by 15.
14
Let t(k) = 4*k + 16. Calculate the remainder when t(12) is divided by 17.
13
Let j = 1 + 7. Let w(s) = 3 - 3*s + 0*s - 4*s + 2*s. Calculate the remainder when w(-4) is divided by j.
7
Calculate the remainder when 2/10 + 267/15 is divided by 5.
3
Let v(k) = -k + 2 + 8 + 4. Let s(o) = -o**3 - 7*o**2 + 4*o - 6. Calculate the remainder when s(-8) is divided by v(0).
12
Suppose 3*z + 3*i - 42 - 9 = 0, 0 = -2*z + 3*i + 29. Let p = -86 - -147. What is the remainder when p is divided by z?
13
Let h(x) = x**2 + 3*x + 0*x - 13*x**3 - 2*x + 1. Calculate the remainder when 40 is divided by h(-1).
12
Suppose 0 = d + 3*d - 44. What is the remainder when 20 is 